{"id":39,"date":"2026-01-06T19:31:18","date_gmt":"2026-01-06T11:31:18","guid":{"rendered":"http:\/\/eyesgo.io.vn\/?post_type=product&#038;p=39"},"modified":"2026-01-06T19:31:18","modified_gmt":"2026-01-06T11:31:18","slug":"kinh-mat-gong-nhua-trong-dinh-ngoi-sao","status":"publish","type":"product","link":"https:\/\/eyesgo.io.vn\/index.php\/san-pham\/kinh-mat-gong-nhua-trong-dinh-ngoi-sao\/","title":{"rendered":"K\u00ednh m\u00e1t g\u1ecdng nh\u1ef1a trong \u0111\u00ednh ng\u00f4i sao"},"content":{"rendered":"<p>K\u00ednh m\u00e1t g\u1ecdng nh\u1ef1a trong \u0111\u00ednh ng\u00f4i sao th\u1eddi th\u01b0\u1ee3ng, ch\u1ec9 c\u00f3 m\u00e0u v\u00e0ng tr\u00e0. Tr\u00f2ng k\u00ednh t\u1ed1i m\u00e0u gi\u00fap b\u1ea3o v\u1ec7 m\u1eaft t\u1ed1t khi ra ngo\u00e0i.<\/p>\n","protected":false},"excerpt":{"rendered":"<p>K\u00ednh m\u00e1t g\u1ecdng nh\u1ef1a trong \u0111\u00ednh ng\u00f4i sao th\u1eddi th\u01b0\u1ee3ng, ch\u1ec9 c\u00f3 m\u00e0u v\u00e0ng tr\u00e0. Tr\u00f2ng k\u00ednh t\u1ed1i m\u00e0u gi\u00fap b\u1ea3o v\u1ec7 m\u1eaft t\u1ed1t khi ra ngo\u00e0i.<\/p>\n","protected":false},"featured_media":40,"comment_status":"open","ping_status":"closed","template":"","meta":[],"product_brand":[],"product_cat":[19],"product_tag":[],"class_list":{"0":"post-39","1":"product","2":"type-product","3":"status-publish","4":"has-post-thumbnail","6":"product_cat-kinh-ram","8":"first","9":"instock","10":"shipping-taxable","11":"purchasable","12":"product-type-simple"},"jetpack_sharing_enabled":true,"_links":{"self":[{"href":"https:\/\/eyesgo.io.vn\/index.php\/wp-json\/wp\/v2\/product\/39","targetHints":{"allow":["GET"]}}],"collection":[{"href":"https:\/\/eyesgo.io.vn\/index.php\/wp-json\/wp\/v2\/product"}],"about":[{"href":"https:\/\/eyesgo.io.vn\/index.php\/wp-json\/wp\/v2\/types\/product"}],"replies":[{"embeddable":true,"href":"https:\/\/eyesgo.io.vn\/index.php\/wp-json\/wp\/v2\/comments?post=39"}],"wp:featuredmedia":[{"embeddable":true,"href":"https:\/\/eyesgo.io.vn\/index.php\/wp-json\/wp\/v2\/media\/40"}],"wp:attachment":[{"href":"https:\/\/eyesgo.io.vn\/index.php\/wp-json\/wp\/v2\/media?parent=39"}],"wp:term":[{"taxonomy":"product_brand","embeddable":true,"href":"https:\/\/eyesgo.io.vn\/index.php\/wp-json\/wp\/v2\/product_brand?post=39"},{"taxonomy":"product_cat","embeddable":true,"href":"https:\/\/eyesgo.io.vn\/index.php\/wp-json\/wp\/v2\/product_cat?post=39"},{"taxonomy":"product_tag","embeddable":true,"href":"https:\/\/eyesgo.io.vn\/index.php\/wp-json\/wp\/v2\/product_tag?post=39"}],"curies":[{"name":"wp","href":"https:\/\/api.w.org\/{rel}","templated":true}]}}