{"id":52,"date":"2026-01-06T19:40:16","date_gmt":"2026-01-06T11:40:16","guid":{"rendered":"http:\/\/eyesgo.io.vn\/?post_type=product&#038;p=52"},"modified":"2026-01-06T19:40:16","modified_gmt":"2026-01-06T11:40:16","slug":"kinh-hinh-bau-duc-kim-loai","status":"publish","type":"product","link":"http:\/\/eyesgo.io.vn\/index.php\/san-pham\/kinh-hinh-bau-duc-kim-loai\/","title":{"rendered":"K\u00ednh h\u00ecnh b\u1ea7u d\u1ee5c kim lo\u1ea1i"},"content":{"rendered":"<p>G\u1ecdng kim lo\u1ea1i m\u1ea3nh nh\u1eb9, d\u00e1ng b\u1ea7u d\u1ee5c thanh l\u1ecbch gi\u00fap t\u00f4n g\u01b0\u01a1ng m\u1eb7t. Thi\u1ebft k\u1ebf t\u1ed1i gi\u1ea3n, d\u1ec5 \u0111eo h\u1eb1ng ng\u00e0y, ph\u00f9 h\u1ee3p \u0111i h\u1ecdc, \u0111i l\u00e0m v\u00e0 ph\u1ed1i nhi\u1ec1u phong c\u00e1ch.<\/p>\n","protected":false},"excerpt":{"rendered":"<p>G\u1ecdng kim lo\u1ea1i m\u1ea3nh nh\u1eb9, d\u00e1ng b\u1ea7u d\u1ee5c thanh l\u1ecbch gi\u00fap t\u00f4n g\u01b0\u01a1ng m\u1eb7t. Thi\u1ebft k\u1ebf t\u1ed1i gi\u1ea3n, d\u1ec5 \u0111eo h\u1eb1ng ng\u00e0y, ph\u00f9 h\u1ee3p \u0111i h\u1ecdc, \u0111i l\u00e0m v\u00e0 ph\u1ed1i nhi\u1ec1u phong c\u00e1ch.<\/p>\n","protected":false},"featured_media":54,"comment_status":"open","ping_status":"closed","template":"","meta":[],"product_brand":[],"product_cat":[17],"product_tag":[],"class_list":{"0":"post-52","1":"product","2":"type-product","3":"status-publish","4":"has-post-thumbnail","6":"product_cat-gong-kinh-kim-loai","8":"first","9":"instock","10":"shipping-taxable","11":"purchasable","12":"product-type-simple"},"jetpack_sharing_enabled":true,"_links":{"self":[{"href":"http:\/\/eyesgo.io.vn\/index.php\/wp-json\/wp\/v2\/product\/52","targetHints":{"allow":["GET"]}}],"collection":[{"href":"http:\/\/eyesgo.io.vn\/index.php\/wp-json\/wp\/v2\/product"}],"about":[{"href":"http:\/\/eyesgo.io.vn\/index.php\/wp-json\/wp\/v2\/types\/product"}],"replies":[{"embeddable":true,"href":"http:\/\/eyesgo.io.vn\/index.php\/wp-json\/wp\/v2\/comments?post=52"}],"wp:featuredmedia":[{"embeddable":true,"href":"http:\/\/eyesgo.io.vn\/index.php\/wp-json\/wp\/v2\/media\/54"}],"wp:attachment":[{"href":"http:\/\/eyesgo.io.vn\/index.php\/wp-json\/wp\/v2\/media?parent=52"}],"wp:term":[{"taxonomy":"product_brand","embeddable":true,"href":"http:\/\/eyesgo.io.vn\/index.php\/wp-json\/wp\/v2\/product_brand?post=52"},{"taxonomy":"product_cat","embeddable":true,"href":"http:\/\/eyesgo.io.vn\/index.php\/wp-json\/wp\/v2\/product_cat?post=52"},{"taxonomy":"product_tag","embeddable":true,"href":"http:\/\/eyesgo.io.vn\/index.php\/wp-json\/wp\/v2\/product_tag?post=52"}],"curies":[{"name":"wp","href":"https:\/\/api.w.org\/{rel}","templated":true}]}}